{"id":1267,"date":"2018-09-21T16:02:15","date_gmt":"2018-09-21T20:02:15","guid":{"rendered":"http:\/\/www.cfn-nce.ca\/about-us\/top-ten-frailty-priorities-identified-by-citizens\/"},"modified":"2024-03-13T15:25:27","modified_gmt":"2024-03-13T19:25:27","slug":"top-ten-frailty-priorities-identified-by-citizens","status":"publish","type":"page","link":"https:\/\/www.cfn-nce.ca\/fr\/about-us\/notre-engagement-en-matiere-de-participation-citoyenne\/helping-to-set-frailty-priorities\/top-ten-frailty-priorities-identified-by-citizens\/","title":{"rendered":"Des priorit\u00e9s  au Canada sur les personnes fragilis\u00e9es"},"content":{"rendered":"<ol>\n<li>Comment le syst\u00e8me de sant\u00e9 pourrait-il \u00eatre organis\u00e9 pour fournir des soins int\u00e9gr\u00e9s\/coordonn\u00e9s qui r\u00e9pondraient mieux aux besoins des personnes \u00e2g\u00e9es fragilis\u00e9es et de leur famille\/des aidants en mati\u00e8re de sant\u00e9 et de soins sociaux?<\/li>\n<li>Comment pourrait-on adapter les soins, les services et les traitements aux besoins des personnes \u00e2g\u00e9es fragilis\u00e9es qui sont isol\u00e9es\/ou sans soutien de leur famille\/des aidants ou des mandataires?<\/li>\n<li>Quelles sont les cons\u00e9quences des services, des programmes et des ressources communautaires et \u00e0 domicile sur la pr\u00e9vention et la gestion de la fragilit\u00e9? (notamment en ce qui a trait au ralentissement de la progression de la fragilit\u00e9 ou \u00e0 la r\u00e9duction de ses cons\u00e9quences)?<\/li>\n<li>Quels sont les co\u00fbts et les avantages des mod\u00e8les alternatifs d&rsquo;h\u00e9bergement, notamment les mod\u00e8les d&rsquo;habitation interg\u00e9n\u00e9rationnelle ou commune, pour les personnes \u00e2g\u00e9es fragilis\u00e9es?<\/li>\n<li>Comment pourrait-on \u00e9viter l&rsquo;hospitalisation et les visites inutiles au service des urgences des personnes \u00e2g\u00e9es fragilis\u00e9es?<\/li>\n<li>Quels types d&rsquo;attitudes, de comp\u00e9tences et de connaissances sur la fragilit\u00e9 les fournisseurs de soins de sant\u00e9 et de services sociaux devraient-ils avoir? Comment pourrait-on efficacement am\u00e9liorer les attitudes et renforcer les comp\u00e9tences et connaissances des fournisseurs de soins de sant\u00e9 et de services sociaux en ce qui a trait aux personnes \u00e2g\u00e9es fragilis\u00e9es?<\/li>\n<li>Comment pourrait-on aider les personnes \u00e2g\u00e9es fragilis\u00e9es et leur famille\/les aidants \u00e0 d\u00e9terminer le moment ou la vie \u00e0 domicile n&rsquo;est plus possible?<\/li>\n<li>Comment pourrait-on efficacement soutenir la sant\u00e9 et le bien-\u00eatre des membres de la famille et des aidants, aussi bien que la sant\u00e9 et le bien-\u00eatre des personnes \u00e2g\u00e9es fragilis\u00e9es?<\/li>\n<li>Comment les mesures de fragilit\u00e9 pourraient-elles \u00eatre utilis\u00e9es par les professionnels de la sant\u00e9, les personnes \u00e2g\u00e9es et leur famille\/les soignants pour \u00e9clairer leurs d\u00e9cisions en mati\u00e8re de traitement et de soins?<\/li>\n<li>Quelles sont les cons\u00e9quences de l&rsquo;exercice et de l&rsquo;activit\u00e9 physique (y compris le type, la dur\u00e9e et l&rsquo;intensit\u00e9) sur la pr\u00e9vention et la gestion de la fragilit\u00e9? (notamment en ce qui a trait au ralentissement de la progression de la fragilit\u00e9 ou \u00e0 la r\u00e9duction de ses cons\u00e9quences)?<\/li>\n<\/ol>\n","protected":false},"excerpt":{"rendered":"<p>Comment le syst\u00e8me de sant\u00e9 pourrait-il \u00eatre organis\u00e9 pour fournir des soins int\u00e9gr\u00e9s\/coordonn\u00e9s qui r\u00e9pondraient mieux aux besoins des personnes \u00e2g\u00e9es fragilis\u00e9es et de leur famille\/des aidants en mati\u00e8re de sant\u00e9 et de soins sociaux? Comment pourrait-on adapter les soins, les services et les traitements aux besoins des personnes \u00e2g\u00e9es fragilis\u00e9es qui sont isol\u00e9es\/ou sans&#8230;<\/p>\n","protected":false},"author":1,"featured_media":0,"parent":1266,"menu_order":38,"comment_status":"closed","ping_status":"closed","template":"","meta":{"_acf_changed":false,"footnotes":""},"acf":[],"_links":{"self":[{"href":"https:\/\/www.cfn-nce.ca\/fr\/wp-json\/wp\/v2\/pages\/1267"}],"collection":[{"href":"https:\/\/www.cfn-nce.ca\/fr\/wp-json\/wp\/v2\/pages"}],"about":[{"href":"https:\/\/www.cfn-nce.ca\/fr\/wp-json\/wp\/v2\/types\/page"}],"author":[{"embeddable":true,"href":"https:\/\/www.cfn-nce.ca\/fr\/wp-json\/wp\/v2\/users\/1"}],"replies":[{"embeddable":true,"href":"https:\/\/www.cfn-nce.ca\/fr\/wp-json\/wp\/v2\/comments?post=1267"}],"version-history":[{"count":2,"href":"https:\/\/www.cfn-nce.ca\/fr\/wp-json\/wp\/v2\/pages\/1267\/revisions"}],"predecessor-version":[{"id":16897,"href":"https:\/\/www.cfn-nce.ca\/fr\/wp-json\/wp\/v2\/pages\/1267\/revisions\/16897"}],"up":[{"embeddable":true,"href":"https:\/\/www.cfn-nce.ca\/fr\/wp-json\/wp\/v2\/pages\/1266"}],"wp:attachment":[{"href":"https:\/\/www.cfn-nce.ca\/fr\/wp-json\/wp\/v2\/media?parent=1267"}],"curies":[{"name":"wp","href":"https:\/\/api.w.org\/{rel}","templated":true}]}}

Des priorités  au Canada sur les personnes fragilisées

<ol>
<li>Comment le système de santé pourrait-il être organisé pour fournir des soins intégrés/coordonnés qui répondraient mieux aux besoins des personnes âgées fragilisées et de leur famille/des aidants en matière de santé et de soins sociaux?</li>
<li>Comment pourrait-on adapter les soins, les services et les traitements aux besoins des personnes âgées fragilisées qui sont isolées/ou sans soutien de leur famille/des aidants ou des mandataires?</li>
<li>Quelles sont les conséquences des services, des programmes et des ressources communautaires et à domicile sur la prévention et la gestion de la fragilité? (notamment en ce qui a trait au ralentissement de la progression de la fragilité ou à la réduction de ses conséquences)?</li>
<li>Quels sont les coûts et les avantages des modèles alternatifs d&rsquo;hébergement, notamment les modèles d&rsquo;habitation intergénérationnelle ou commune, pour les personnes âgées fragilisées?</li>
<li>Comment pourrait-on éviter l&rsquo;hospitalisation et les visites inutiles au service des urgences des personnes âgées fragilisées?</li>
<li>Quels types d&rsquo;attitudes, de compétences et de connaissances sur la fragilité les fournisseurs de soins de santé et de services sociaux devraient-ils avoir? Comment pourrait-on efficacement améliorer les attitudes et renforcer les compétences et connaissances des fournisseurs de soins de santé et de services sociaux en ce qui a trait aux personnes âgées fragilisées?</li>
<li>Comment pourrait-on aider les personnes âgées fragilisées et leur famille/les aidants à déterminer le moment ou la vie à domicile n&rsquo;est plus possible?</li>
<li>Comment pourrait-on efficacement soutenir la santé et le bien-être des membres de la famille et des aidants, aussi bien que la santé et le bien-être des personnes âgées fragilisées?</li>
<li>Comment les mesures de fragilité pourraient-elles être utilisées par les professionnels de la santé, les personnes âgées et leur famille/les soignants pour éclairer leurs décisions en matière de traitement et de soins?</li>
<li>Quelles sont les conséquences de l&rsquo;exercice et de l&rsquo;activité physique (y compris le type, la durée et l&rsquo;intensité) sur la prévention et la gestion de la fragilité? (notamment en ce qui a trait au ralentissement de la progression de la fragilité ou à la réduction de ses conséquences)?</li>
</ol>

<p>Comment le système de santé pourrait-il être organisé pour fournir des soins intégrés/coordonnés qui répondraient mieux aux besoins des personnes âgées fragilisées et de leur famille/des aidants en matière de santé et de soins sociaux? Comment pourrait-on adapter les soins, les services et les traitements aux besoins des personnes âgées fragilisées qui sont isolées/ou sans&#8230;</p>
